{"id":1023,"date":"2024-11-11T01:23:32","date_gmt":"2024-11-11T00:23:32","guid":{"rendered":"https:\/\/adema-apple.com\/varieties\/galamic-ammerol\/"},"modified":"2026-01-14T09:07:52","modified_gmt":"2026-01-14T08:07:52","slug":"galamic-ammerol","status":"publish","type":"varieties","link":"https:\/\/adema-apple.com\/it\/varieties\/galamic-ammerol\/","title":{"rendered":"GalaMic* Ammerol\u00ae"},"template":"","category-varieties":[26],"class_list":["post-1023","varieties","type-varieties","status-publish","hentry","category-varieties-commodities"],"yoast_head":"<!-- This site is optimized with the Yoast SEO plugin v27.3 - https:\/\/yoast.com\/product\/yoast-seo-wordpress\/ -->\n<title>La nostra variet\u00e0 di mele: GalaMic Ammerol - ADEMA<\/title>\n<meta name=\"description\" content=\"GalaMic Ammerol \u00e8 una variet\u00e0 di mele premium gestita da ADEMA. Scopri le caratteristiche principali, le opzioni di coltivazione e le opportunit\u00e0 di mercato.\" \/>\n<meta name=\"robots\" content=\"index, follow, max-snippet:-1, max-image-preview:large, max-video-preview:-1\" \/>\n<link rel=\"canonical\" href=\"https:\/\/adema-apple.com\/it\/varieties\/galamic-ammerol\/\" \/>\n<meta property=\"og:locale\" content=\"it_IT\" \/>\n<meta property=\"og:type\" content=\"article\" \/>\n<meta property=\"og:title\" content=\"La nostra variet\u00e0 di mele: GalaMic Ammerol - ADEMA\" \/>\n<meta property=\"og:description\" content=\"GalaMic Ammerol \u00e8 una variet\u00e0 di mele premium gestita da ADEMA. Scopri le caratteristiche principali, le opzioni di coltivazione e le opportunit\u00e0 di mercato.\" \/>\n<meta property=\"og:url\" content=\"https:\/\/adema-apple.com\/it\/varieties\/galamic-ammerol\/\" \/>\n<meta property=\"og:site_name\" content=\"ADEMA\" \/>\n<meta property=\"article:modified_time\" content=\"2026-01-14T08:07:52+00:00\" \/>\n<meta property=\"og:image\" content=\"https:\/\/adema-apple.com\/wp-content\/uploads\/2024\/11\/adema_header.jpg\" \/>\n\t<meta property=\"og:image:width\" content=\"2000\" \/>\n\t<meta property=\"og:image:height\" content=\"1333\" \/>\n\t<meta property=\"og:image:type\" content=\"image\/jpeg\" \/>\n<meta name=\"twitter:card\" content=\"summary_large_image\" \/>\n<script type=\"application\/ld+json\" class=\"yoast-schema-graph\">{\"@context\":\"https:\\\/\\\/schema.org\",\"@graph\":[{\"@type\":\"WebPage\",\"@id\":\"https:\\\/\\\/adema-apple.com\\\/it\\\/varieties\\\/galamic-ammerol\\\/\",\"url\":\"https:\\\/\\\/adema-apple.com\\\/it\\\/varieties\\\/galamic-ammerol\\\/\",\"name\":\"La nostra variet\u00e0 di mele: GalaMic Ammerol - ADEMA\",\"isPartOf\":{\"@id\":\"https:\\\/\\\/adema-apple.com\\\/it\\\/#website\"},\"datePublished\":\"2024-11-11T00:23:32+00:00\",\"dateModified\":\"2026-01-14T08:07:52+00:00\",\"description\":\"GalaMic Ammerol \u00e8 una variet\u00e0 di mele premium gestita da ADEMA. Scopri le caratteristiche principali, le opzioni di coltivazione e le opportunit\u00e0 di mercato.\",\"breadcrumb\":{\"@id\":\"https:\\\/\\\/adema-apple.com\\\/it\\\/varieties\\\/galamic-ammerol\\\/#breadcrumb\"},\"inLanguage\":\"it-IT\",\"potentialAction\":[{\"@type\":\"ReadAction\",\"target\":[\"https:\\\/\\\/adema-apple.com\\\/it\\\/varieties\\\/galamic-ammerol\\\/\"]}]},{\"@type\":\"BreadcrumbList\",\"@id\":\"https:\\\/\\\/adema-apple.com\\\/it\\\/varieties\\\/galamic-ammerol\\\/#breadcrumb\",\"itemListElement\":[{\"@type\":\"ListItem\",\"position\":1,\"name\":\"Casa\",\"item\":\"https:\\\/\\\/adema-apple.com\\\/it\\\/casa\\\/\"},{\"@type\":\"ListItem\",\"position\":2,\"name\":\"GalaMic* Ammerol\u00ae\"}]},{\"@type\":\"WebSite\",\"@id\":\"https:\\\/\\\/adema-apple.com\\\/it\\\/#website\",\"url\":\"https:\\\/\\\/adema-apple.com\\\/it\\\/\",\"name\":\"ADEMA\",\"description\":\"Sviluppo e gestione Apple\",\"publisher\":{\"@id\":\"https:\\\/\\\/adema-apple.com\\\/it\\\/#organization\"},\"potentialAction\":[{\"@type\":\"SearchAction\",\"target\":{\"@type\":\"EntryPoint\",\"urlTemplate\":\"https:\\\/\\\/adema-apple.com\\\/it\\\/?s={search_term_string}\"},\"query-input\":{\"@type\":\"PropertyValueSpecification\",\"valueRequired\":true,\"valueName\":\"search_term_string\"}}],\"inLanguage\":\"it-IT\"},{\"@type\":\"Organization\",\"@id\":\"https:\\\/\\\/adema-apple.com\\\/it\\\/#organization\",\"name\":\"ADEMA\",\"url\":\"https:\\\/\\\/adema-apple.com\\\/it\\\/\",\"logo\":{\"@type\":\"ImageObject\",\"inLanguage\":\"it-IT\",\"@id\":\"https:\\\/\\\/adema-apple.com\\\/it\\\/#\\\/schema\\\/logo\\\/image\\\/\",\"url\":\"https:\\\/\\\/adema-apple.com\\\/wp-content\\\/uploads\\\/2024\\\/11\\\/Adema_Logo_RGB.svg\",\"contentUrl\":\"https:\\\/\\\/adema-apple.com\\\/wp-content\\\/uploads\\\/2024\\\/11\\\/Adema_Logo_RGB.svg\",\"width\":1,\"height\":1,\"caption\":\"ADEMA\"},\"image\":{\"@id\":\"https:\\\/\\\/adema-apple.com\\\/it\\\/#\\\/schema\\\/logo\\\/image\\\/\"},\"sameAs\":[\"https:\\\/\\\/www.linkedin.com\\\/in\\\/jrgen-braun-537997151\\\/\"]}]}<\/script>\n<!-- \/ Yoast SEO plugin. -->","yoast_head_json":{"title":"La nostra variet\u00e0 di mele: GalaMic Ammerol - ADEMA","description":"GalaMic Ammerol \u00e8 una variet\u00e0 di mele premium gestita da ADEMA. Scopri le caratteristiche principali, le opzioni di coltivazione e le opportunit\u00e0 di mercato.","robots":{"index":"index","follow":"follow","max-snippet":"max-snippet:-1","max-image-preview":"max-image-preview:large","max-video-preview":"max-video-preview:-1"},"canonical":"https:\/\/adema-apple.com\/it\/varieties\/galamic-ammerol\/","og_locale":"it_IT","og_type":"article","og_title":"La nostra variet\u00e0 di mele: GalaMic Ammerol - ADEMA","og_description":"GalaMic Ammerol \u00e8 una variet\u00e0 di mele premium gestita da ADEMA. Scopri le caratteristiche principali, le opzioni di coltivazione e le opportunit\u00e0 di mercato.","og_url":"https:\/\/adema-apple.com\/it\/varieties\/galamic-ammerol\/","og_site_name":"ADEMA","article_modified_time":"2026-01-14T08:07:52+00:00","og_image":[{"width":2000,"height":1333,"url":"https:\/\/adema-apple.com\/wp-content\/uploads\/2024\/11\/adema_header.jpg","type":"image\/jpeg"}],"twitter_card":"summary_large_image","schema":{"@context":"https:\/\/schema.org","@graph":[{"@type":"WebPage","@id":"https:\/\/adema-apple.com\/it\/varieties\/galamic-ammerol\/","url":"https:\/\/adema-apple.com\/it\/varieties\/galamic-ammerol\/","name":"La nostra variet\u00e0 di mele: GalaMic Ammerol - ADEMA","isPartOf":{"@id":"https:\/\/adema-apple.com\/it\/#website"},"datePublished":"2024-11-11T00:23:32+00:00","dateModified":"2026-01-14T08:07:52+00:00","description":"GalaMic Ammerol \u00e8 una variet\u00e0 di mele premium gestita da ADEMA. Scopri le caratteristiche principali, le opzioni di coltivazione e le opportunit\u00e0 di mercato.","breadcrumb":{"@id":"https:\/\/adema-apple.com\/it\/varieties\/galamic-ammerol\/#breadcrumb"},"inLanguage":"it-IT","potentialAction":[{"@type":"ReadAction","target":["https:\/\/adema-apple.com\/it\/varieties\/galamic-ammerol\/"]}]},{"@type":"BreadcrumbList","@id":"https:\/\/adema-apple.com\/it\/varieties\/galamic-ammerol\/#breadcrumb","itemListElement":[{"@type":"ListItem","position":1,"name":"Casa","item":"https:\/\/adema-apple.com\/it\/casa\/"},{"@type":"ListItem","position":2,"name":"GalaMic* Ammerol\u00ae"}]},{"@type":"WebSite","@id":"https:\/\/adema-apple.com\/it\/#website","url":"https:\/\/adema-apple.com\/it\/","name":"ADEMA","description":"Sviluppo e gestione Apple","publisher":{"@id":"https:\/\/adema-apple.com\/it\/#organization"},"potentialAction":[{"@type":"SearchAction","target":{"@type":"EntryPoint","urlTemplate":"https:\/\/adema-apple.com\/it\/?s={search_term_string}"},"query-input":{"@type":"PropertyValueSpecification","valueRequired":true,"valueName":"search_term_string"}}],"inLanguage":"it-IT"},{"@type":"Organization","@id":"https:\/\/adema-apple.com\/it\/#organization","name":"ADEMA","url":"https:\/\/adema-apple.com\/it\/","logo":{"@type":"ImageObject","inLanguage":"it-IT","@id":"https:\/\/adema-apple.com\/it\/#\/schema\/logo\/image\/","url":"https:\/\/adema-apple.com\/wp-content\/uploads\/2024\/11\/Adema_Logo_RGB.svg","contentUrl":"https:\/\/adema-apple.com\/wp-content\/uploads\/2024\/11\/Adema_Logo_RGB.svg","width":1,"height":1,"caption":"ADEMA"},"image":{"@id":"https:\/\/adema-apple.com\/it\/#\/schema\/logo\/image\/"},"sameAs":["https:\/\/www.linkedin.com\/in\/jrgen-braun-537997151\/"]}]}},"_links":{"self":[{"href":"https:\/\/adema-apple.com\/it\/wp-json\/wp\/v2\/varieties\/1023","targetHints":{"allow":["GET"]}}],"collection":[{"href":"https:\/\/adema-apple.com\/it\/wp-json\/wp\/v2\/varieties"}],"about":[{"href":"https:\/\/adema-apple.com\/it\/wp-json\/wp\/v2\/types\/varieties"}],"wp:attachment":[{"href":"https:\/\/adema-apple.com\/it\/wp-json\/wp\/v2\/media?parent=1023"}],"wp:term":[{"taxonomy":"category-varieties","embeddable":true,"href":"https:\/\/adema-apple.com\/it\/wp-json\/wp\/v2\/category-varieties?post=1023"}],"curies":[{"name":"wp","href":"https:\/\/api.w.org\/{rel}","templated":true}]}}

<!-- This site is optimized with the Yoast SEO plugin v27.3 - https://yoast.com/product/yoast-seo-wordpress/ -->
<title>La nostra varietà di mele: GalaMic Ammerol - ADEMA</title>
<meta name="description" content="GalaMic Ammerol è una varietà di mele premium gestita da ADEMA. Scopri le caratteristiche principali, le opzioni di coltivazione e le opportunità di mercato." />
<meta name="robots" content="index, follow, max-snippet:-1, max-image-preview:large, max-video-preview:-1" />
<link rel="canonical" href="https://adema-apple.com/it/varieties/galamic-ammerol/" />
<meta property="og:locale" content="it_IT" />
<meta property="og:type" content="article" />
<meta property="og:title" content="La nostra varietà di mele: GalaMic Ammerol - ADEMA" />
<meta property="og:description" content="GalaMic Ammerol è una varietà di mele premium gestita da ADEMA. Scopri le caratteristiche principali, le opzioni di coltivazione e le opportunità di mercato." />
<meta property="og:url" content="https://adema-apple.com/it/varieties/galamic-ammerol/" />
<meta property="og:site_name" content="ADEMA" />
<meta property="article:modified_time" content="2026-01-14T08:07:52+00:00" />
<meta property="og:image" content="https://adema-apple.com/wp-content/uploads/2024/11/adema_header.jpg" />
	<meta property="og:image:width" content="2000" />
	<meta property="og:image:height" content="1333" />
	<meta property="og:image:type" content="image/jpeg" />
<meta name="twitter:card" content="summary_large_image" />
<script type="application/ld+json" class="yoast-schema-graph">{"@context":"https:\/\/schema.org","@graph":[{"@type":"WebPage","@id":"https:\/\/adema-apple.com\/it\/varieties\/galamic-ammerol\/","url":"https:\/\/adema-apple.com\/it\/varieties\/galamic-ammerol\/","name":"La nostra varietà di mele: GalaMic Ammerol - ADEMA","isPartOf":{"@id":"https:\/\/adema-apple.com\/it\/#website"},"datePublished":"2024-11-11T00:23:32+00:00","dateModified":"2026-01-14T08:07:52+00:00","description":"GalaMic Ammerol è una varietà di mele premium gestita da ADEMA. Scopri le caratteristiche principali, le opzioni di coltivazione e le opportunità di mercato.","breadcrumb":{"@id":"https:\/\/adema-apple.com\/it\/varieties\/galamic-ammerol\/#breadcrumb"},"inLanguage":"it-IT","potentialAction":[{"@type":"ReadAction","target":["https:\/\/adema-apple.com\/it\/varieties\/galamic-ammerol\/"]}]},{"@type":"BreadcrumbList","@id":"https:\/\/adema-apple.com\/it\/varieties\/galamic-ammerol\/#breadcrumb","itemListElement":[{"@type":"ListItem","position":1,"name":"Casa","item":"https:\/\/adema-apple.com\/it\/casa\/"},{"@type":"ListItem","position":2,"name":"GalaMic* Ammerol®"}]},{"@type":"WebSite","@id":"https:\/\/adema-apple.com\/it\/#website","url":"https:\/\/adema-apple.com\/it\/","name":"ADEMA","description":"Sviluppo e gestione Apple","publisher":{"@id":"https:\/\/adema-apple.com\/it\/#organization"},"potentialAction":[{"@type":"SearchAction","target":{"@type":"EntryPoint","urlTemplate":"https:\/\/adema-apple.com\/it\/?s={search_term_string}"},"query-input":{"@type":"PropertyValueSpecification","valueRequired":true,"valueName":"search_term_string"}}],"inLanguage":"it-IT"},{"@type":"Organization","@id":"https:\/\/adema-apple.com\/it\/#organization","name":"ADEMA","url":"https:\/\/adema-apple.com\/it\/","logo":{"@type":"ImageObject","inLanguage":"it-IT","@id":"https:\/\/adema-apple.com\/it\/#\/schema\/logo\/image\/","url":"https:\/\/adema-apple.com\/wp-content\/uploads\/2024\/11\/Adema_Logo_RGB.svg","contentUrl":"https:\/\/adema-apple.com\/wp-content\/uploads\/2024\/11\/Adema_Logo_RGB.svg","width":1,"height":1,"caption":"ADEMA"},"image":{"@id":"https:\/\/adema-apple.com\/it\/#\/schema\/logo\/image\/"},"sameAs":["https:\/\/www.linkedin.com\/in\/jrgen-braun-537997151\/"]}]}</script>
<!-- / Yoast SEO plugin. -->

La nostra varietà di mele: GalaMic Ammerol - ADEMA

GalaMic Ammerol è una varietà di mele premium gestita da ADEMA. Scopri le caratteristiche principali, le opzioni di coltivazione e le opportunità di mercato.
